ctors of 774709765?
5, 131, 1182763
What are the prime factors of 269863228?
2, 1061, 63587
List the prime factors of 3171152332.
2, 18313, 43291
List the prime factors of 78746517.
3, 8749613
List the prime factors of 494287620.
2, 3, 5, 347, 23741
List the prime factors of 3098367.
3, 344263
What are the prime factors of 1729129558?
2, 13, 23, 53, 89, 613
List the prime factors of 46852069.
11, 43, 99053
List the prime factors of 161573453.
2087, 77419
List the prime factors of 1095572694.
2, 3, 2917, 62597
List the prime factors of 412400666.
2, 206200333
List the prime factors of 87341224.
2, 659, 16567
List the prime factors of 938345615.
5, 61, 3076543
List the prime factors of 813497758.
2, 607, 670097
List the prime factors of 102088424.
2, 281, 45413
List the prime factors of 274948583.
7, 13, 41, 73693
List the prime factors of 263274305.
5, 7, 613, 1753
List the prime factors of 55117503.
3, 7, 1543
List the prime factors of 2861570114.
2, 13, 110060389
What are the prime factors of 7987698029?
743, 10750603
List the prime factors of 155086821.
3, 73, 236053
What are the prime factors of 94040560?
2, 5, 23, 51109
List the prime factors of 643740132.
2, 3, 7, 359, 21347
List the prime factors of 1702286460.
2, 3, 5, 7, 193003
What are the prime factors of 186034240?
2, 5, 7, 53, 1567
List the prime factors of 41601406.
2, 7, 11, 151, 1789
List the prime factors of 127936803.
3, 42645601
List the prime factors of 1882758828.
2, 3, 239, 656471
What are the prime factors of 46917529?
46917529
List the prime factors of 119395655.
5, 3359, 7109
List the prime factors of 3158197514.
2, 241, 6552277
List the prime factors of 253132105.
5, 2819, 17959
What are the prime factors of 105010980?
2, 3, 5, 1750183
What are the prime factors of 21714857?
151, 143807
List the prime factors of 118053239.
31, 61, 163, 383
List the prime factors of 128413854.
2, 3, 59, 120917
List the prime factors of 126281262.
2, 3, 21046877
What are the prime factors of 2499393053?
73, 34238261
What are the prime factors of 1400814934?
2, 59, 11871313
List the prime factors of 2075067164.
2, 518766791
What are the prime factors of 437965377?
3, 145988459
What are the prime factors of 1099228544?
2, 8587723
List the prime factors of 883670998.
2, 7, 9017051
What are the prime factors of 1434063104?
2, 709, 7901
What are the prime factors of 272112061?
13, 269, 77813
List the prime factors of 7052338348.
2, 11, 14570947
What are the prime factors of 637122961?
7297, 87313
List the prime factors of 33122766.
2, 3, 17, 324733
What are the prime factors of 114872303?
7, 13, 349, 3617
List the prime factors of 462435299.
7963, 58073
What are the prime factors of 96635835?
3, 5, 31, 43, 179
List the prime factors of 6363155.
5, 1272631
List the prime factors of 440424570.
2, 3, 5, 127, 115597
What are the prime factors of 306046896?
2, 3, 83, 76819
What are the prime factors of 166350432?
2, 3, 1732817
What are the prime factors of 737361766?
2, 19, 19404257
What are the prime factors of 113300284?
2, 28325071
What are the prime factors of 3205830792?
2, 3, 113, 283, 4177
What are the prime factors of 290457878?
2, 79, 1838341
List the prime factors of 148307246.
2, 941, 78803
What are the prime factors of 325809327?
3, 4751, 22859
What are the prime factors of 5539297?
17, 23, 31, 457
What are the prime factors of 5771356?
2, 607, 2377
What are the prime factors of 277793931?
3, 23, 4025999
List the prime factors of 3342452384.
2, 97, 1076821
List the prime factors of 45660377.
7, 6522911
List the prime factors of 490721015.
5, 127, 772789
List the prime factors of 39570059.
39570059
What are the prime factors of 2304199912?
2, 7, 839723
What are the prime factors of 412908494?
2, 19, 10866013
What are the prime factors of 1004568110?
2, 5, 7, 13, 1733
List the prime factors of 279867090.
2, 3, 5, 17, 59, 71, 131
List the prime factors of 20814601.
1601, 13001
List the prime factors of 75555713.
23, 941, 3491
List the prime factors of 775805282.
2, 7, 55414663
What are the prime factors of 6043916082?
2, 3, 233, 1549, 2791
What are the prime factors of 49132177?
29, 1694213
List the prime factors of 66520701.
3, 13, 509, 1117
List the prime factors of 12147276.
2, 3, 733, 1381
What are the prime factors of 25291472?
2, 1580717
What are the prime factors of 534709153?
11, 19, 59, 103, 421
List the prime factors of 130797599.
137, 954727
What are the prime factors of 9597428?
2, 43, 55799
List the prime factors of 1600571125.
5, 12804569
List the prime factors of 199794714.
2, 3, 7, 229, 20773
List the prime factors of 9040838.
2, 17, 139, 1913
List the prime factors of 22254853.
17, 73, 79, 227
What are the prime factors of 39230894?
2, 239, 82073
List the prime factors of 4288186488.
2, 3, 17, 131, 80231
What are the prime factors of 41930130?
2, 3, 5, 11, 11551
What are the prime factors of 36648818?
2, 167, 179, 613
List the prime factors of 954789278.
2, 18233, 26183
What are the prime factors of 1176230641?
1176230641
What are the prime factors of 33922548?
2, 3, 11, 17, 5039
What are the prime factors of 1054727545?
5, 2683, 78623
List the prime factors of 63290103.
3, 349, 60449
What are the prime factors of 570527179?
29, 3187, 6173
List the prime factors of 250816980.
2, 3, 5, 17, 245899
What are the prime factors of 3454603437?
3, 577, 1995727
List the prime factors of 67812827.
67812827
What are the prime factors of 654592487?
1087, 602201
List the prime factors of 134780292.
2, 3, 3743897
What are the prime factors of 63673888?
2, 317, 6277
What are the prime factors of 2088015183?
3, 232001687
List the prime factors of 5207295608.
2, 650911951
What are the prime factors of 2506755975?
3, 5, 19, 601, 2927
What are the prime factors of 205817587?
31, 73, 103, 883
List the prime factors of 4034029659.
3, 11, 29, 31, 135977
List the prime factors of 325713864.
2, 3, 7, 1938773
What are the prime factors of 214106608?
2, 13381663
List the prime factors of 8468555737.
59, 143534843
List the prime factors of 253970170.
2, 5, 53, 479189
List the prime factors of 3022034978.
2, 827, 1827107
List the prime factors of 1331428606.
2, 107, 6221629
What are the prime factors of 28989323?
11, 97, 101, 269
List the prime factors of 50163262.
2, 79, 317489
List the prime factors of 98404893.
3, 163, 67079
What are the prime factors of 249177061?
7, 35596723
What are the prime factors of 58779287?
7, 8397041
List the prime factors of 288086686.
2, 587, 245389
What are the prime factors of 2674824477?
3, 13, 653, 105031
What are the prime factors of 1620768938?
2, 53, 1811, 8443
What are the prime factors of 346135391?
7, 49447913
List the prime factors of 32330351.
32330351
List the prime factors of 1212716292.
2, 3, 37, 101, 27043
List the prime factors of 9166344822.
2, 3, 8599, 59221
What are the prime factors of 102815749?
151, 349, 1951
What are the prime factors of 75083918?
2, 7, 13, 613, 673
What are the prime factors of 172791144?
2, 3, 97, 2749
List the prime factors of 8767444388.
2, 523, 991, 4229
List the prime factors of 29933981.
7, 11, 61, 6373
List the prime factors of 955455360.
2, 3, 5, 497633
What are the prime factors of 597061310?
2, 5, 59706131
List the prime factors of 720153742.
2, 7, 11, 4676323
What are the prime factors of 63675974?
2, 31837987
What are the prime factors of 3265946096?
2, 7, 29160233
What are the prime factors of 3677367056?
2, 11, 20894131
What are the prime factors of 6778902601?
10331, 656171
What are the prime factors of 160459165?
5, 32091833
What are the prime factors of 884617128?
2, 3, 139, 157, 563
List the prime factors of 4973473742.
2, 193, 613, 21019
List the prime factors of 235260951.
3, 23, 3409579
What are the prime factors of 87327450?
2, 3, 5, 7, 9241
List the prime factors of 215570227.
215570227
List the prime factors of 54550279.
7, 59, 18869
What are the prime factors of 72409248?
2, 3, 43, 1949
What are the prime factors of 981868402?
2, 6329, 77569
List the prime factors of 466552135.
5, 7, 13330061
List the prime factors of 1488562519.
43, 3877, 8929
List the prime factors of 1451054658.
2, 3, 5861, 41263
What are the prime factors of 1089266872?
2, 73, 1289, 1447
List the prime factors of 99464813.
7, 